 -243)?
-14
What is the value of -21 + (35 - 8) + -34?
-28
What is the value of -2 + 20 + -43 + 16?
-9
What is the value of -5 - (1 - 1) - (17 - (-78 + 117))?
17
Evaluate -16 + 10 + (7 - -22 - 13).
10
Calculate -1 + 0 + -30 + 44 - -12.
25
10 + (-15 - -9) + -2 + 0
2
Calculate (-41 - -20) + (4 - -1).
-16
Evaluate -5 - 8 - (-2 - (-7 - -6)).
-12
What is -21 - -24 - -19 - 23?
-1
Calculate -29 - (-57 - 7 - -19).
16
Evaluate 42 + -13 + (-13 - -18 - (-7 - -6)).
35
Calculate 8 + (-45 + 29 - -32).
24
What is the value of 1 + 12 + (-16 - -6) - 6?
-3
What is -86 - -59 - (6 - (1 - -23))?
-9
Evaluate -27 + 5 + 11 - 1.
-12
What is 3 - ((7 - 8) + 7 - 4)?
1
What is the value of 20 + 1 + -20 + -99 + 77?
-21
Calculate 5 + 5 + -3 + -6.
1
-9 - (-44 - (-52 + 12))
-5
Evaluate -1 + 46 + (-1389 - -1358).
14
14 - (29 - (-8 + 18 + 6))
1
What is 5 - -11 - (-5 + 12)?
9
What is (-6 + 15 - 13 - -12) + -1 + -32?
-25
Evaluate 10 + -7 + (23 - (-8 - -17)).
17
Evaluate 368 + -349 - (0 + 1).
18
What is (2 + 4 - -4) + -16?
-6
17 - (-32 + 17 + 14)
18
(28 - 6) + -8 + -1 + (0 - -3)
16
What is -11 - (-7 - -18 - (0 + 24))?
2
What is 14 + -34 + (-18 - -25)?
-13
Calculate 11 - (12 + -7 + 3) - (2 - -19).
-18
What is the value of -7 + 46 + 102 + -141?
0
Evaluate -2 - (2 - 0) - 2 - (14 - 33).
13
Calculate -2 + 1 + (20 + 5 + -5 - 4).
15
-21 - (-17 - (20 - 15))
1
What is the value of 17 + -9 + 30 + -41 - (1 - 2)?
-2
-8 + 11 - (38 + -2) - (-79 - -74)
-28
Calculate -30 - -82 - 14 - (13 + 1).
24
What is the value of (10 - 1) + -5 + -1 + (-2 - -2)?
3
Calculate (38 - 22 - 15) + (0 - -3).
4
What is (-22 - -45 - 28) + 17 + 1 - -2?
15
Calculate -14 + (18 + -11 - -12).
5
Calculate 2 - -32 - (-252 + 289).
-3
What is -12 + 13 + (0 - (-1 + (14 - 6)))?
-6
Calculate -21 - (-2 + (0 - -12) - (4 + 4)).
-23
What is the value of (5 - 1) + -11 + -14 + 13?
-8
Evaluate (1 - (-1 + -2)) + (-35 - (-21 - 1)).
-9
What is -18 + 8 + 8 + -3 + -5?
-10
Calculate -81 + 34 - -20 - (1 - 0 - 7).
-21
Calculate 4 + -2 + 0 + (-468 - -476).
10
15 + (-5 - 11) + -8 + 3 + 12
6
What is 38 + (-23 - -4) + -16?
3
Calculate (-2 + 23 - 21) + -14 + 1.
-13
What is the value of (-6 - -4) + -2 - (4 - -6 - 29)?
15
What is the value of (-12 + -1 + -1 - (-59 - -47)) + 24?
22
-5 - (6 + (-1 - (-2 + (-5 - -6))))
-11
12 + -12 - (-7 - 26) - 11
22
What is the value of 2 - (12 - -1 - (-5 + 5))?
-11
What is (51 - 27) + -43 + 2?
-17
Evaluate -2 + 4 + 0 + -3 - -13.
12
What is the value of -8 + -1 + 1 - -17?
9
What is the value of -1 + 1 - (166 + -160)?
-6
What is -5 + (-5 - -1 - (-6 - (4 - 8)))?
-7
What is (63 - 70) + 11 + -1 - 21?
-18
Evaluate -3 + 3 + -3 + 3 + -1.
-1
Calculate 4 + 0 - (14 - (0 + -15)).
-25
(-13 - 0 - -15 - 5) + (9 - -1)
7
Evaluate 18 - (-31 + 31 + 30).
-12
(26 - 23) + -9 + (5 - 1)
-2
What is the value of (-7 - (5 + 9 + -7)) + 6?
-8
What is the value of (2 - 7) + (1 - 3 - -5) - -16?
14
What is the value of (17 - 36) + 58 + -70?
-31
Calculate (1 - (5 + -1)) + 2 - (-754 - -748).
5
Calculate 3 - 0 - (-5 + 1) - 9.
-2
What is (-4 - 2) + (16 - 1)?
9
-11 + (3 - (-7 + 15) - -7)
-9
What is -3 + 6 + 10 - (-1 + 2 - -6)?
6
0 + (1 - (-30 + 25))
6
0 + (28 - 16) - 28
-16
260 + -253 - (0 - -2)
5
Evaluate 17 - 2 - (-21 - -27) - 20.
-11
-87 - -215 - 111 - ((4 - 1) + 0)
14
-16 + 20 + (38 - (20 - 3))
25
Evaluate 35 - (52 - (-31 - -59)).
11
-12 - -13 - (6 + -6 - (1 - -30))
32
0 + -6 + -28 - (40 - 50)
-24
(36 - 47) + 6 + 0
-5
-19 - ((1 - 1) + -11 + 5 - -1)
-14
Evaluate -10 - (-7 - -9) - -9.
-3
Calculate 11 - (-10 - (-5 + 4) - -5).
15
Evaluate (1 - (-1 + -5)) + 961 + -957.
11
What is (9 - (10 - 2)) + -4 + 7 + -4?
0
What is 6 + -8 + -6 - -1?
-7
Evaluate -11 + (1 - (-9 - 9)) - -2.
10
Evaluate -7 + (-3 - 3) - -19.
6
What is 14 + 14 + -8 + 2 + -15?
7
Calculate 6 - -17 - (-1 + 2 - -5 - -2).
15
Evaluate (-1 - 3) + 3 + 7 + -18 + 21.
9
What is the value of (-5 - -2) + (5 - (3 + -11 - -18))?
-8
What is the value of 6 + -1 - ((-2 + -26 - -20) + -16)?
29
What is the value of 4 + 1 + 4 + -20 - -25?
14
2 - 1 - -2 - (-29 + 32) - 0
0
Calculate (4 - 1) + 2 - (52 - 42).
-5
What is (-5 - (17 - 15) - -14) + -15?
-8
What is the value of 5 + (5 + -3 - 8)?
-1
What is the value of -7 + 4 + (7 - 3) - -8?
9
Evaluate -11 - (17 - (69 + -25)).
16
Evaluate -6 - 5 - -14 - 12.
-9
Evaluate 5 - ((-4 - ((5 - -2) + -6)) + 17).
-7
Calculate -2 + (-1 - -4) + -33 + 24.
-8
What is the value of 12 + -1 - (17 + 3) - (0 + 1)?
-10
What is the value of (-36 - 6) + (-160 - -211)?
9
Evaluate 25 - (5 + 1 - -6) - -9.
22
9 + -16 + 12 - -6
11
What is -9 + -1 + 98 + -84?
4
Calculate 505 + -509 + 38 + 0.
34
Calculate 4 + (0 - -5 - ((0 - -1) + 1)).
7
What is the value of (390 - 372) + -29 + -1?
-12
What is (-8 + -2 - (-174 - -168)) + (14 - -2)?
12
Evaluate (-1427 - -1406) + 17 + (2 - 3).
-5
10 + (-1 - -4) + -176 + 182
19
What is 23 + (22 - (-8 + -9 + 31))?
31
What is (13 - (-1 + 5 + -8)) + (-15 - -11)?
13
Calculate 5 + -5 + 0 + -2 + -8.
-10
What is the value of 13 - (-4 + (12 - (-6 - -9)) - -1)?
7
What is the value of (-12 - 7) + (8 - (5 - 3))?
-13
Evaluate -10 - (11 + 0 + (-5 - -6) + -50).
28
What is the value of 0 + (1 - -9) - (-107 - (-57 + -79))?
-19
What is the value of -3 + (5 - (6 + -4)) - (38 + -13)?
-25
(-2 - -10) + -3 + -4 + -4
-3
184 - 184 - (-9 + 2 + -3)
10
Calculate -8 + 2 - (-652 - -652).
-6
What is 7 + 26 - (20 - 5)?
18
192 + -208 - (-6 + 1)
-11
Evaluate 26 + (13 - 29) - (1 + 3).
6
-3 + (-1 - 2 - 0) - (11 + -33)
16
4 - (13 + -11 - 6)
8
What is the value of 14 + (-4 - -11 - 15) + -7?
-1
Evaluate -8 - (-20 - -9 - -3 - 3).
3
-3 - (7 - 9) - (3 + -9) - -2
7
-4 + -1 + (-21 - -10 - -13) + 8
5
-36 - (-53 - (-32 + 33))
18
What is the value of 17 - (14 + 12) - (-5 + (-1 - -1))?
-4
-9 + (3 + -7 + 7 - 4) - -1
-9
What is 2 - (-19 - -1 - (-17 + 4 + 12))?
19
1 + -11 + 19 + 0 + -20 - 19
-30
What is -36 + (-22 - (2 + -51))?
-9
(3 - 4) + (-2 - (3 - -10 - 6))
-10
(-8 - (-17 + -6)) + 1 + (-1 - 1)
14
(1 - 4) + 10 + 26 + -41
-8
What is 2 + 1 - 2 - (55 + -46)?
-8
Evaluate 17 - (20 - (19 - 9)).
7
Calculate -29 + -1 + 0 + -134 + 126.
-38
(6 + -6 - 0) + (-1 - -6)
5
Calculate (19 - (-5 + 9)) + 8 + -5.
18
6 + -10 - -3 - -15
14
Evaluate 2 + (-2 - (-25 + 22)).
3
What is -5 + 1 + 12 - (5 - 2) - -7?
12
What is the value of 140 - 122 - (17 + -10)?
11
What is the value of 1 + 28 + (10 - 21) + 6?
24
Evaluate 321 + -321 + (0 - -15).
15
Calculate 6 - -2 - (-7 + 5).
10
Evaluate 5 - ((12 - 3) + 2) - (-5 - -2).
-3
(16 - 18 - -5) + -15
-12
What is the value of -9 + (1 - ((11 - 14) + 5))?
-10
Calculate -7 + -2 + -2 + -5 + (13 - 9).
-12
What is the value of 1 + -14 - ((-8 + 7 - -6) + -7)?
-11
Calculate 11 + -25 - -33 - 16 - (20 + -3).
-14
31 - (1 + -5 + (-150 - -166))
19
Evaluate 6 + -9 + (-4 + 23 - 8).
8
What is 10 - ((-4 - -4) + 1)?
9
What is the value of -2 + -1 + -3 + 5 + 7 + -4?
2
Evaluate 1 + -19 + (30 - 8).
4
What is the value of 10 + (-3 - 3) + 1 - -14?
19
What is 15 - ((12 - 8) + 27)?
-16
What is -29 + 22 + (4 - -4)?
1
What is (-12 - ((1 - -2) + -52 + 48)) + 5?
-6
What is (5 - (-20 + 10) - 1) + 19?
33
Evaluate 48 - 35 - 41 - -27.
-1
Evaluate -7 + -38 + 22 + -4 + 18.
-9
-1 + 16 - (-980 - -981)
14
Evaluate -11 + 11 - -2 - 9.
-7
What is the value of (16 + -13 - 12) + 15?
6
-9 + -23 + 24 + -4
-12
What is the value of -12 - -19 - (3 - 1 - 9)?
14
Evaluate (4 + 1 + (4 - 1) - 1) + 0.
7
What is 0 + (-1 - 0) + (3 - (7 + 2))?
-7
What is (4 - (-7 - 4 - -11)) + -20 + 4?
-12
Calculate -11 + -1 - (14 + -6 + -38).
18
What is -2 - 24 - (-71 - -48)?
-3
Calculate -4 - (-11 - (6 - -2)) - 2.
13
9 - (-3 + (5 - -2)) - (-11 - -6)
10
What is -9 + -1 - (-11 + 0) - 9?
-8
Evaluate (4 - -3) + 16 + -31 - 5.
-13
What is 23 - (-9 + (-13 - -31))?
14
-3 + 2 + -5 + -6 + 11
-1
What is 23 + (-21 - (18 + -16))?
0
What is the value of 35 + 10 + -58 + 1?
-12
Calculate 8 - (31 + -70 + 34).
13
Calculate (9 + -3 + -8 - -9) + 9.
16
Evaluate (37 - (-30 + 47)) + -46.
-26
Calculate 44 - 30 - 2 - 17.
-5
What is 73 - 80 - (-9 + -1 - 1)?
4
Evaluate -2 - ((-4 - (-17 - -1)) + 4).
-18
Evaluate 0 - -2 - ((-5 - -4) + (-1 - 4)).
8
Calculate -7 + 16 + 1 + (77 - 58).
29
Evaluate (-18 + 2 - (14 - 22)) + 18.
10
-33 - (34 + (-29 - 26))
-12
(14 - 19) + 7 + 8
10
Evaluate (-1 - 0 - (4 - 1)) + (-748 - -759).
7
Calculate (-18 + -2 + 24 - (13 + -1)) + 3.
-5
What is 57 + -49 + (-4 - 1) + -2?
1
